4058?
362
What is the remainder when 844840395 is divided by 166?
161
What is the remainder when 91418 is divided by 325?
93
What is the remainder when 56490 is divided by 4024?
154
Calculate the remainder when 6899039 is divided by 168269.
10
What is the remainder when 6852107 is divided by 3977?
3713
What is the remainder when 298328003 is divided by 1116?
1115
What is the remainder when 97643989 is divided by 657?
649
Calculate the remainder when 607411 is divided by 202468.
7
Calculate the remainder when 626854 is divided by 72.
22
Calculate the remainder when 2247320 is divided by 74907.
110
What is the remainder when 1944745 is divided by 2030?
5
What is the remainder when 387369 is divided by 10167?
1023
What is the remainder when 1949147 is divided by 1949137?
10
What is the remainder when 104343327 is divided by 686?
669
What is the remainder when 58910357 is divided by 2103941?
9
What is the remainder when 11139 is divided by 83?
17
What is the remainder when 70270 is divided by 70104?
166
What is the remainder when 1888918 is divided by 1060?
1058
What is the remainder when 683915 is divided by 1054?
923
Calculate the remainder when 126134140 is divided by 1971.
1966
Calculate the remainder when 1378222 is divided by 344426.
518
What is the remainder when 153494 is divided by 10947?
236
What is the remainder when 26904 is divided by 3741?
717
What is the remainder when 9391288 is divided by 1145?
1143
Calculate the remainder when 48252318 is divided by 170.
28
Calculate the remainder when 29429 is divided by 3380.
2389
Calculate the remainder when 47028480 is divided by 1009.
1008
Calculate the remainder when 64726613 is divided by 173.
47
What is the remainder when 69638 is divided by 33434?
2770
What is the remainder when 60871 is divided by 753?
631
What is the remainder when 21133 is divided by 9157?
2819
What is the remainder when 27532503 is divided by 2264?
2263
What is the remainder when 27117 is divided by 13347?
423
What is the remainder when 956957 is divided by 159477?
95
What is the remainder when 1088999 is divided by 1321?
495
What is the remainder when 17853170 is divided by 8926558?
54
Calculate the remainder when 79079360 is divided by 39.
35
Calculate the remainder when 272169 is divided by 18105.
594
What is the remainder when 143447 is divided by 14305?
397
Calculate the remainder when 1058829 is divided by 38.
35
Calculate the remainder when 1794355 is divided by 598111.
22
Calculate the remainder when 23897876 is divided by 11948938.
0
Calculate the remainder when 2460944 is divided by 136718.
20
Calculate the remainder when 693356859 is divided by 41.
37
What is the remainder when 563584 is divided by 63?
49
Calculate the remainder when 32012540 is divided by 446.
444
What is the remainder when 1453862 is divided by 778?
558
What is the remainder when 336542 is divided by 1948?
1486
What is the remainder when 2946155 is divided by 147307?
15
Calculate the remainder when 100670698 is divided by 3728544.
10
What is the remainder when 64513 is divided by 158?
49
What is the remainder when 84843 is divided by 10479?
1011
Calculate the remainder when 24407136 is divided by 123894.
18
What is the remainder when 350435 is divided by 20?
15
Calculate the remainder when 4358 is divided by 866.
28
What is the remainder when 64528 is divided by 787?
781
What is the remainder when 91639 is divided by 30473?
220
What is the remainder when 281878 is divided by 17541?
1222
Calculate the remainder when 2018830 is divided by 1932.
1822
Calculate the remainder when 11568 is divided by 1771.
942
What is the remainder when 33884578 is divided by 60?
58
Calculate the remainder when 2222605 is divided by 263.
255
What is the remainder when 1810698 is divided by 570?
378
Calculate the remainder when 9981135 is divided by 2960.
15
Calculate the remainder when 53333875 is divided by 134.
133
What is the remainder when 37888 is divided by 37641?
247
Calculate the remainder when 64303575 is divided by 2009486.
23
Calculate the remainder when 117324 is divided by 2567.
1809
Calculate the remainder when 800053 is divided by 4396.
4377
Calculate the remainder when 1377845 is divided by 5261.
4724
Calculate the remainder when 92754854 is divided by 5369.
10
Calculate the remainder when 61896136 is divided by 17160.
16
What is the remainder when 243369345 is divided by 391?
388
What is the remainder when 162283 is divided by 2892?
331
Calculate the remainder when 25850342 is divided by 488.
6
What is the remainder when 14094 is divided by 146?
78
Calculate the remainder when 156280 is divided by 202.
134
Calculate the remainder when 19862818 is divided by 670.
668
What is the remainder when 3366557 is divided by 3366548?
9
Calculate the remainder when 36132 is divided by 836.
184
What is the remainder when 2395021 is divided by 2395012?
9
Calculate the remainder when 831775 is divided by 2601.
2056
Calculate the remainder when 1556001 is divided by 765.
756
What is the remainder when 1711966 is divided by 338?
334
Calculate the remainder when 297086 is divided by 207.
41
Calculate the remainder when 3968355 is divided by 1333.
14
Calculate the remainder when 20313287 is divided by 3666.
3647
Calculate the remainder when 85276 is divided by 85228.
48
What is the remainder when 127665 is divided by 126940?
725
Calculate the remainder when 4043745 is divided by 288838.
13
What is the remainder when 670968 is divided by 281?
221
Calculate the remainder when 49737867 is divided by 390.
387
What is the remainder when 14718550 is divided by 543?
535
Calculate the remainder when 17749060 is divided by 4056.
4
Calculate the remainder when 2186455 is divided by 728806.
37
What is the remainder when 2448825 is divided by 417?
201
What is the remainder when 17278190 is divided by 178?
86
Calculate the remainder when 83369510 is divided by 2129.
2128
Calculate the remainder when 1306485 is divided by 21417.
48
What is the remainder when 6124684 is divided by 1020777?
22
What is the remainder when 40905 is divided by 8127?
270
Calculate the remainder when 111487362 is divided by 703.
701
What is the remainder when 1812163184 is divided by 31?
28
Calculate the remainder when 2020616 is divided by 12.
8
What is the remainder when 815670 is divided by 220?
130
Calculate the remainder when 4368 is divided by 1354.
306
What is the remainder when 20459 is divided by 2647?
1930
What is the remainder when 68994464 is divided by 13?
6
Calculate the remainder when 150613 is divided by 496.
325
What is the remainder when 40485 is divided by 686?
11
Calculate the remainder when 883132 is divided by 28487.
35
What is the remainder when 5164692 is divided by 835?
217
Calculate the remainder when 496008 is divided by 35.
23
Calculate the remainder when 260529 is divided by 86574.
807
What is the remainder when 578346 is divided by 1716?
54
What is the remainder when 702170 is divided by 1385?
1360
What is the remainder when 737517 is divided by 146?
71
What is the remainder when 90578 is divided by 4743?
461
Calculate the remainder when 3443829 is divided by 125.
79
What is the remainder when 3799100 is divided by 3799056?
44
Calculate the remainder when 317738 is divided by 10249.
19
What is the remainder when 455285 is divided by 75700?
1085
What is the remainder when 72444 is divided by 1117?
956
Calculate the remainder when 1126915 is divided by 19770.
25
What is the remainder when 11510494 is divided by 47?
6
Calculate the remainder when 261283 is divided by 49.
15
Calculate the remainder when 5062173 is divided by 123464.
149
Calculate the remainder when 70382727 is divided by 3056.
3047
What is the remainder when 280139 is divided by 279582?
557
What is the remainder when 91346195 is divided by 1203?
1202
What is the remainder when 376935 is divided by 303?
3
What is the remainder when 21706 is divided by 4271?
351
Calculate the remainder when 6080977 is divided by 1722.
595
Calculate the remainder when 1562817 is divided by 223259.
4
What is the remainder when 706370 is divided by 2955?
125
Calculate the remainder when 504755 is divided by 27.
17
Calculate the remainder when 110759796 is divided by 19.
18
Calculate the remainder when 2757403 is divided by 